{"id":30,"date":"2025-11-12T16:59:58","date_gmt":"2025-11-12T16:59:58","guid":{"rendered":"https:\/\/2cinterim.fr\/?page_id=30"},"modified":"2026-01-05T09:36:22","modified_gmt":"2026-01-05T09:36:22","slug":"notre-expertise","status":"publish","type":"page","link":"https:\/\/2cinterim.fr\/index.php\/notre-expertise\/","title":{"rendered":"Notre expertise"},"content":{"rendered":"\t\t<div data-elementor-type=\"wp-page\" data-elementor-id=\"30\" class=\"elementor elementor-30\">\n\t\t\t\t<div class=\"elementor-element elementor-element-ba8695e e-con-full e-flex e-con e-parent\" data-id=\"ba8695e\" data-element_type=\"container\" data-e-type=\"container\">\n\t\t\t\t<div class=\"elementor-element elementor-element-f6213d3 elementor-widget elementor-widget-spacer\" data-id=\"f6213d3\" data-element_type=\"widget\" data-e-type=\"widget\" data-widget_type=\"spacer.default\">\n\t\t\t\t\t\t\t<div class=\"elementor-spacer\">\n\t\t\t<div class=\"elementor-spacer-inner\"><\/div>\n\t\t<\/div>\n\t\t\t\t\t\t<\/div>\n\t\t\t\t<\/div>\n\t\t<div class=\"elementor-element elementor-element-97e35ed e-con-full e-flex elementor-invisible e-con e-parent\" data-id=\"97e35ed\" data-element_type=\"container\" data-e-type=\"container\" data-settings=\"{&quot;background_background&quot;:&quot;classic&quot;,&quot;animation&quot;:&quot;fadeIn&quot;,&quot;animation_delay&quot;:400}\">\n\t\t\t\t<div class=\"elementor-element elementor-element-48b4f5b elementor-invisible elementor-widget elementor-widget-heading\" data-id=\"48b4f5b\" data-element_type=\"widget\" data-e-type=\"widget\" data-settings=\"{&quot;_animation&quot;:&quot;fadeIn&quot;,&quot;_animation_delay&quot;:300}\" data-widget_type=\"heading.default\">\n\t\t\t\t\t<h2 class=\"elementor-heading-title elementor-size-default\">Notre agence n\u2019a qu\u2019une seule ambition : celle de l\u2019avenir pour accompagner le changement.<\/h2>\t\t\t\t<\/div>\n\t\t\t\t<\/div>\n\t\t<div class=\"elementor-element elementor-element-44b30c1 e-con-full e-flex e-con e-parent\" data-id=\"44b30c1\" data-element_type=\"container\" data-e-type=\"container\">\n\t\t<div class=\"elementor-element elementor-element-7db72ce e-con-full e-flex e-con e-child\" data-id=\"7db72ce\" data-element_type=\"container\" data-e-type=\"container\">\n\t\t\t\t<div class=\"elementor-element elementor-element-efaa805 elementor-invisible elementor-widget elementor-widget-image\" data-id=\"efaa805\" data-element_type=\"widget\" data-e-type=\"widget\" data-settings=\"{&quot;_animation&quot;:&quot;fadeIn&quot;,&quot;_animation_delay&quot;:400}\" data-widget_type=\"image.default\">\n\t\t\t\t\t\t\t\t\t\t\t\t\t\t\t<img fetchpriority=\"high\" decoding=\"async\" width=\"1024\" height=\"1024\" src=\"https:\/\/2cinterim.fr\/wp-content\/uploads\/2026\/01\/3-Piliers-Sante-Mentale-Publication-Instagram-Infographie-Multicolore-21-x-21-cm-1024x1024.png\" class=\"attachment-large size-large wp-image-346\" alt=\"\" srcset=\"https:\/\/2cinterim.fr\/wp-content\/uploads\/2026\/01\/3-Piliers-Sante-Mentale-Publication-Instagram-Infographie-Multicolore-21-x-21-cm-1024x1024.png 1024w, https:\/\/2cinterim.fr\/wp-content\/uploads\/2026\/01\/3-Piliers-Sante-Mentale-Publication-Instagram-Infographie-Multicolore-21-x-21-cm-300x300.png 300w, https:\/\/2cinterim.fr\/wp-content\/uploads\/2026\/01\/3-Piliers-Sante-Mentale-Publication-Instagram-Infographie-Multicolore-21-x-21-cm-150x150.png 150w, https:\/\/2cinterim.fr\/wp-content\/uploads\/2026\/01\/3-Piliers-Sante-Mentale-Publication-Instagram-Infographie-Multicolore-21-x-21-cm-768x768.png 768w, https:\/\/2cinterim.fr\/wp-content\/uploads\/2026\/01\/3-Piliers-Sante-Mentale-Publication-Instagram-Infographie-Multicolore-21-x-21-cm-1536x1536.png 1536w, https:\/\/2cinterim.fr\/wp-content\/uploads\/2026\/01\/3-Piliers-Sante-Mentale-Publication-Instagram-Infographie-Multicolore-21-x-21-cm-600x600.png 600w, https:\/\/2cinterim.fr\/wp-content\/uploads\/2026\/01\/3-Piliers-Sante-Mentale-Publication-Instagram-Infographie-Multicolore-21-x-21-cm.png 2000w\" sizes=\"(max-width: 1024px) 100vw, 1024px\" \/>\t\t\t\t\t\t\t\t\t\t\t\t\t\t\t<\/div>\n\t\t\t\t<\/div>\n\t\t<div class=\"elementor-element elementor-element-fd25ef8 e-con-full e-flex e-con e-child\" data-id=\"fd25ef8\" data-element_type=\"container\" data-e-type=\"container\">\n\t\t\t\t<div class=\"elementor-element elementor-element-61a7372 elementor-widget-divider--separator-type-pattern elementor-widget-divider--view-line elementor-invisible elementor-widget elementor-widget-divider\" data-id=\"61a7372\" data-element_type=\"widget\" data-e-type=\"widget\" data-settings=\"{&quot;_animation&quot;:&quot;fadeIn&quot;}\" data-widget_type=\"divider.default\">\n\t\t\t\t\t\t\t<div class=\"elementor-divider\" style=\"--divider-pattern-url: url(&quot;data:image\/svg+xml,%3Csvg xmlns=&#039;http:\/\/www.w3.org\/2000\/svg&#039; preserveAspectRatio=&#039;none&#039; overflow=&#039;visible&#039; height=&#039;100%&#039; viewBox=&#039;0 0 20 16&#039; fill=&#039;none&#039; stroke=&#039;black&#039; stroke-width=&#039;1&#039; stroke-linecap=&#039;square&#039; stroke-miterlimit=&#039;10&#039;%3E%3Cg transform=&#039;translate(-12.000000, 0)&#039;%3E%3Cpath d=&#039;M28,0L10,18&#039;\/%3E%3Cpath d=&#039;M18,0L0,18&#039;\/%3E%3Cpath d=&#039;M48,0L30,18&#039;\/%3E%3Cpath d=&#039;M38,0L20,18&#039;\/%3E%3C\/g%3E%3C\/svg%3E&quot;);\">\n\t\t\t<span class=\"elementor-divider-separator\">\n\t\t\t\t\t\t<\/span>\n\t\t<\/div>\n\t\t\t\t\t\t<\/div>\n\t\t\t\t<div class=\"elementor-element elementor-element-e36d344 elementor-widget elementor-widget-heading\" data-id=\"e36d344\" data-element_type=\"widget\" data-e-type=\"widget\" data-widget_type=\"heading.default\">\n\t\t\t\t\t<h2 class=\"elementor-heading-title elementor-size-default\">ENGAGEMENT<\/h2>\t\t\t\t<\/div>\n\t\t\t\t<div class=\"elementor-element elementor-element-380ffb4 elementor-widget elementor-widget-text-editor\" data-id=\"380ffb4\" data-element_type=\"widget\" data-e-type=\"widget\" data-widget_type=\"text-editor.default\">\n\t\t\t\t\t\t\t\t\t<p>Accompagnement de A \u00e0 Z : analyse du besoin, s\u00e9lection, suivi des qualifications, suivi des missions et bilan de satisfaction.<\/p>\t\t\t\t\t\t\t\t<\/div>\n\t\t\t\t<div class=\"elementor-element elementor-element-44bc144 elementor-widget elementor-widget-heading\" data-id=\"44bc144\" data-element_type=\"widget\" data-e-type=\"widget\" data-widget_type=\"heading.default\">\n\t\t\t\t\t<h2 class=\"elementor-heading-title elementor-size-default\">R\u00c9ACTIVIT\u00c9<\/h2>\t\t\t\t<\/div>\n\t\t\t\t<div class=\"elementor-element elementor-element-8c8efa1 elementor-widget elementor-widget-text-editor\" data-id=\"8c8efa1\" data-element_type=\"widget\" data-e-type=\"widget\" data-widget_type=\"text-editor.default\">\n\t\t\t\t\t\t\t\t\t<p>R\u00e9ponse en moins de 24h, disponbilit\u00e9 totale de nos \u00e9quipes.<\/p>\t\t\t\t\t\t\t\t<\/div>\n\t\t\t\t<div class=\"elementor-element elementor-element-0993b43 elementor-widget elementor-widget-heading\" data-id=\"0993b43\" data-element_type=\"widget\" data-e-type=\"widget\" data-widget_type=\"heading.default\">\n\t\t\t\t\t<h2 class=\"elementor-heading-title elementor-size-default\">EXPERTISE<\/h2>\t\t\t\t<\/div>\n\t\t\t\t<div class=\"elementor-element elementor-element-bfd594d elementor-widget elementor-widget-text-editor\" data-id=\"bfd594d\" data-element_type=\"widget\" data-e-type=\"widget\" data-widget_type=\"text-editor.default\">\n\t\t\t\t\t\t\t\t\t<p>Une ma\u00eetrise technique approfondie des environnements industriels.<\/p>\t\t\t\t\t\t\t\t<\/div>\n\t\t\t\t<div class=\"elementor-element elementor-element-ced7fe6 elementor-widget elementor-widget-heading\" data-id=\"ced7fe6\" data-element_type=\"widget\" data-e-type=\"widget\" data-widget_type=\"heading.default\">\n\t\t\t\t\t<h2 class=\"elementor-heading-title elementor-size-default\">SAVOIR-FAIRE<\/h2>\t\t\t\t<\/div>\n\t\t\t\t<div class=\"elementor-element elementor-element-3f1e796 elementor-widget elementor-widget-text-editor\" data-id=\"3f1e796\" data-element_type=\"widget\" data-e-type=\"widget\" data-widget_type=\"text-editor.default\">\n\t\t\t\t\t\t\t\t\t<p>Int\u00e9rimaires qualifi\u00e9s, ma\u00eetrise des exigences r\u00e9glementaires et certifications.<\/p>\t\t\t\t\t\t\t\t<\/div>\n\t\t\t\t<div class=\"elementor-element elementor-element-838e517 elementor-widget elementor-widget-text-editor\" data-id=\"838e517\" data-element_type=\"widget\" data-e-type=\"widget\" data-widget_type=\"text-editor.default\">\n\t\t\t\t\t\t\t\t\t<p data-start=\"534\" data-end=\"829\">Experts du recrutement industriel, nous accompagnons entreprises et int\u00e9rimaires dans tous les secteurs de l\u2019industrie :<\/p><ul><li>pharmaceutique, agroalimentaire, p\u00e9trochimique,<\/li><li data-start=\"534\" data-end=\"829\">chaudronnerie, sous-stations,<\/li><li data-start=\"534\" data-end=\"829\">ainsi que dans l\u2019ensemble des industries de production dites \u00ab classiques \u00bb<\/li><\/ul><p>Cr\u00e9\u00e9e pour r\u00e9pondre aux besoins grandissants de flexibilit\u00e9 et de r\u00e9activit\u00e9<br \/>du march\u00e9 du travail, notre mission est simple : <strong>connecter les entreprises<\/strong><br \/><strong>aux meilleurs talents, avec efficacit\u00e9, fiabilit\u00e9 et humanit\u00e9.<\/strong><\/p>\t\t\t\t\t\t\t\t<\/div>\n\t\t\t\t<\/div>\n\t\t\t\t<\/div>\n\t\t<div class=\"elementor-element elementor-element-40d0d5f e-con-full e-flex e-con e-parent\" data-id=\"40d0d5f\" data-element_type=\"container\" data-e-type=\"container\">\n\t\t\t\t<div class=\"elementor-element elementor-element-45cf186 elementor-invisible elementor-widget elementor-widget-text-editor\" data-id=\"45cf186\" data-element_type=\"widget\" data-e-type=\"widget\" data-settings=\"{&quot;_animation&quot;:&quot;fadeIn&quot;,&quot;_animation_delay&quot;:300}\" data-widget_type=\"text-editor.default\">\n\t\t\t\t\t\t\t\t\t<p>Nous pla\u00e7ons la relation humaine au coeur de notre d\u00e9marche, en accompagnant aussi bien les entreprises que les candidats dans leurs projets.<\/p><p>Gr\u00e2ce \u00e0 une \u00e9quipe engag\u00e9e, \u00e0 l\u2019\u00e9coute et exp\u00e9riment\u00e9e, <strong>2C INTERIM se <\/strong><strong>positionne comme un partenaire de confiance<\/strong>, capable de s\u2019adapter \u00e0 tous les secteurs d\u2019activit\u00e9.<\/p>\t\t\t\t\t\t\t\t<\/div>\n\t\t\t\t<\/div>\n\t\t<div class=\"elementor-element elementor-element-a8acb4f e-con-full e-flex e-con e-parent\" data-id=\"a8acb4f\" data-element_type=\"container\" data-e-type=\"container\">\n\t\t\t\t<div class=\"elementor-element elementor-element-5bdaa83 elementor-widget-divider--separator-type-pattern elementor-widget-divider--view-line elementor-widget elementor-widget-divider\" data-id=\"5bdaa83\" data-element_type=\"widget\" data-e-type=\"widget\" data-widget_type=\"divider.default\">\n\t\t\t\t\t\t\t<div class=\"elementor-divider\" style=\"--divider-pattern-url: url(&quot;data:image\/svg+xml,%3Csvg xmlns=&#039;http:\/\/www.w3.org\/2000\/svg&#039; preserveAspectRatio=&#039;none&#039; overflow=&#039;visible&#039; height=&#039;100%&#039; viewBox=&#039;0 0 20 16&#039; fill=&#039;none&#039; stroke=&#039;black&#039; stroke-width=&#039;1&#039; stroke-linecap=&#039;square&#039; stroke-miterlimit=&#039;10&#039;%3E%3Cg transform=&#039;translate(-12.000000, 0)&#039;%3E%3Cpath d=&#039;M28,0L10,18&#039;\/%3E%3Cpath d=&#039;M18,0L0,18&#039;\/%3E%3Cpath d=&#039;M48,0L30,18&#039;\/%3E%3Cpath d=&#039;M38,0L20,18&#039;\/%3E%3C\/g%3E%3C\/svg%3E&quot;);\">\n\t\t\t<span class=\"elementor-divider-separator\">\n\t\t\t\t\t\t<\/span>\n\t\t<\/div>\n\t\t\t\t\t\t<\/div>\n\t\t\t\t<\/div>\n\t\t<div class=\"elementor-element elementor-element-1416eab e-con-full e-flex e-con e-parent\" data-id=\"1416eab\" data-element_type=\"container\" data-e-type=\"container\">\n\t\t\t\t<div class=\"elementor-element elementor-element-982c4dd elementor-widget__width-inherit elementor-widget elementor-widget-image\" data-id=\"982c4dd\" data-element_type=\"widget\" data-e-type=\"widget\" data-widget_type=\"image.default\">\n\t\t\t\t\t\t\t\t\t\t\t\t\t\t\t<img decoding=\"async\" width=\"1920\" height=\"1080\" src=\"https:\/\/2cinterim.fr\/wp-content\/uploads\/2026\/01\/Presentation-des-Personas-Utilisateur-2.gif\" class=\"attachment-full size-full wp-image-342\" alt=\"\" \/>\t\t\t\t\t\t\t\t\t\t\t\t\t\t\t<\/div>\n\t\t\t\t<div class=\"elementor-element elementor-element-4db3702 elementor-widget elementor-widget-heading\" data-id=\"4db3702\" data-element_type=\"widget\" data-e-type=\"widget\" data-widget_type=\"heading.default\">\n\t\t\t\t\t<h2 class=\"elementor-heading-title elementor-size-default\">Une entreprise n\u00e9e de la compl\u00e9mentarit\u00e9<\/h2>\t\t\t\t<\/div>\n\t\t\t\t<div class=\"elementor-element elementor-element-3cf61ad elementor-widget elementor-widget-text-editor\" data-id=\"3cf61ad\" data-element_type=\"widget\" data-e-type=\"widget\" data-widget_type=\"text-editor.default\">\n\t\t\t\t\t\t\t\t\t<p>Sacha &amp; J\u00e9r\u00f4me, deux sp\u00e9cialistes du terrain, unissent leurs comp\u00e9tences pour cr\u00e9er 2C INTERIM. <br \/>Avec 20 ans d\u2019exp\u00e9rience cumul\u00e9e, d\u2019abord comme soudeurs puis comme recruteurs, ils ont sillonn\u00e9 les sites industriels de toute la France.<\/p><p>Leurs forces :<br \/>\u2022 Une expertise technique unique,<br \/>\u2022 Une approche commerciale terrain,<br \/>\u2022 Une compr\u00e9hension fine des attentes des entreprises et des besoins des int\u00e9rimaires.<\/p><p>Un bon recrutement commence par la compr\u00e9hension pr\u00e9cise de votre r\u00e9alit\u00e9 op\u00e9rationnelle et une mission adapt\u00e9e aux comp\u00e9tences de nos int\u00e9rimaires.<\/p>\t\t\t\t\t\t\t\t<\/div>\n\t\t\t\t<div class=\"elementor-element elementor-element-bcab2be elementor-widget elementor-widget-heading\" data-id=\"bcab2be\" data-element_type=\"widget\" data-e-type=\"widget\" data-widget_type=\"heading.default\">\n\t\t\t\t\t<h2 class=\"elementor-heading-title elementor-size-default\">NOS m\u00e9tiers<\/h2>\t\t\t\t<\/div>\n\t\t\t\t<div class=\"elementor-element elementor-element-acad232 elementor-widget elementor-widget-text-editor\" data-id=\"acad232\" data-element_type=\"widget\" data-e-type=\"widget\" data-widget_type=\"text-editor.default\">\n\t\t\t\t\t\t\t\t\t<p>TUYAUTEUR \u2022 SOUDEUR EN TUYAUTERIE \u2022 CHAUDRONNIER \u2022 M<strong><span class=\"gs_tkn show\">\u00c9<\/span><\/strong>TALLIER \u2022 <br \/>SERRURIER \u2022 <strong><span class=\"gs_tkn show\">\u00c9<\/span><\/strong>LECTROMECANICIEN \u2022 M<strong><span class=\"gs_tkn show\">\u00c9<\/span><\/strong>CANICIEN\/TECHNICIEN DE MAINTENANCE \u2022 <strong><span class=\"gs_tkn show\">\u00c9<\/span><\/strong>LECTRICIEN INDUSTRIEL<\/p>\t\t\t\t\t\t\t\t<\/div>\n\t\t\t\t<\/div>\n\t\t\t\t<\/div>\n\t\t","protected":false},"excerpt":{"rendered":"<p>Notre agence n\u2019a qu\u2019une seule ambition : celle de l\u2019avenir pour accompagner le changement. ENGAGEMENT Accompagnement de A \u00e0 Z : analyse du besoin, s\u00e9lection, suivi des qualifications, suivi des missions et bilan de satisfaction. R\u00c9ACTIVIT\u00c9 R\u00e9ponse en moins de 24h, disponbilit\u00e9 totale de nos \u00e9quipes. EXPERTISE Une ma\u00eetrise technique approfondie des environnements industriels. SAVOIR-FAIRE [&hellip;]<\/p>\n","protected":false},"author":1,"featured_media":0,"parent":0,"menu_order":0,"comment_status":"closed","ping_status":"closed","template":"elementor_header_footer","meta":{"footnotes":""},"class_list":["post-30","page","type-page","status-publish","hentry","entry"],"_links":{"self":[{"href":"https:\/\/2cinterim.fr\/index.php\/wp-json\/wp\/v2\/pages\/30","targetHints":{"allow":["GET"]}}],"collection":[{"href":"https:\/\/2cinterim.fr\/index.php\/wp-json\/wp\/v2\/pages"}],"about":[{"href":"https:\/\/2cinterim.fr\/index.php\/wp-json\/wp\/v2\/types\/page"}],"author":[{"embeddable":true,"href":"https:\/\/2cinterim.fr\/index.php\/wp-json\/wp\/v2\/users\/1"}],"replies":[{"embeddable":true,"href":"https:\/\/2cinterim.fr\/index.php\/wp-json\/wp\/v2\/comments?post=30"}],"version-history":[{"count":130,"href":"https:\/\/2cinterim.fr\/index.php\/wp-json\/wp\/v2\/pages\/30\/revisions"}],"predecessor-version":[{"id":385,"href":"https:\/\/2cinterim.fr\/index.php\/wp-json\/wp\/v2\/pages\/30\/revisions\/385"}],"wp:attachment":[{"href":"https:\/\/2cinterim.fr\/index.php\/wp-json\/wp\/v2\/media?parent=30"}],"curies":[{"name":"wp","href":"https:\/\/api.w.org\/{rel}","templated":true}]}}